{"id":180,"date":"2016-11-10T13:02:13","date_gmt":"2016-11-10T13:02:13","guid":{"rendered":"http:\/\/cantraster.com\/?page_id=180"},"modified":"2017-12-29T09:08:40","modified_gmt":"2017-12-29T09:08:40","slug":"castellano-trasters1","status":"publish","type":"page","link":"http:\/\/cantraster.com\/index.php\/castellano-trasters1\/?lang=es","title":{"rendered":"Trasteros"},"content":{"rendered":"<p><div class=\"fusion-one-full fusion-layout-column fusion-column-last fusion-spacing-yes\" style=\"margin-top:0px;margin-bottom:20px;\"><div class=\"fusion-column-wrapper\"><div class=\"fusion-clearfix\"><\/div><\/div><\/div><div class=\"fusion-clearfix\"><\/div><div class=\"fusion-clearfix\"><\/div><\/div><\/div><div class=\"fusion-clearfix\"><\/div>\n<p><style type='text\/css'>\n\t\t.pricing-table-5 .panel-container, .pricing-table-5 .standout .panel-container,\n\t\t.pricing-table-5.full-boxed-pricing {background-color:#f8f8f8;}\n\t\t.pricing-table-5 .list-group .list-group-item,\n\t\t.pricing-table-5 .list-group .list-group-item:last-child{background-color:#ffffff; border-color:#ededed;}\n\t\t.pricing-table-5.full-boxed-pricing .panel-wrapper:hover .panel-heading,\n\t\t.pricing-table-5 .panel-wrapper:hover .list-group-item {background-color:#f8f8f8;}\n\t\t.pricing-table-5.full-boxed-pricing .panel-heading{background-color:#ffffff;}\n\t\t.pricing-table-5 .fusion-panel, .pricing-table-5 .panel-wrapper:last-child .fusion-panel, \n\t\t.pricing-table-5 .standout .fusion-panel, .pricing-table-5  .panel-heading, \n\t\t.pricing-table-5 .panel-body, .pricing-table-5 .panel-footer{border-color:#ededed;}\n\t\t.pricing-table-5 .panel-body,.pricing-table-5 .panel-footer{background-color:#f8f8f8;}\n\t\t<\/style><div class=\"fusion-pricing-table pricing-table-5 full-boxed-pricing row fusion-columns-3 columns-3 fusion-clearfix\">\n<div class=\"panel-wrapper fusion-column column col-lg-4 col-md-4 col-sm-4 fusion-pricingtable-column\"><div class=\"panel-container\"><div class=\"fusion-panel\"><div class=\"panel-heading\"><h3 class=\"title-row\">1 m2<\/h3><\/div><div class=\"panel-body pricing-row\"><div class=\"price \"><span class=\"currency\">\u20ac<\/span><span class=\"integer-part\">29<\/span><span class=\"time price-without-decimal\">al mes<\/span><\/div><\/div><ul class=\"list-group\"><li class=\"list-group-item normal-row\">Aproximadamente 10 cajas<\/li><\/ul><div class=\"panel-footer footer-row\"><a href=\"http:\/\/cantraster.com\/index.php\/contacte\/?lang=es\">+info<\/a><\/div><\/div><\/div><\/div>\n<div class=\"panel-wrapper fusion-column column col-lg-4 col-md-4 col-sm-4 fusion-pricingtable-column\"><div class=\"panel-container\"><div class=\"fusion-panel\"><div class=\"panel-heading\"><h3 class=\"title-row\">1,5 m2<\/h3><\/div><div class=\"panel-body pricing-row\"><div class=\"price \"><span class=\"currency\">\u20ac<\/span><span class=\"integer-part\">35<\/span><span class=\"time price-without-decimal\">al mes<\/span><\/div><\/div><ul class=\"list-group\"><li class=\"list-group-item normal-row\">Aproximadamente 15 cajas<\/li><\/ul><div class=\"panel-footer footer-row\"><a href=\"http:\/\/cantraster.com\/index.php\/contacte\/?lang=es\">+info<\/a><\/div><\/div><\/div><\/div>\n<div class=\"panel-wrapper fusion-column column col-lg-4 col-md-4 col-sm-4 fusion-pricingtable-column\"><div class=\"panel-container\"><div class=\"fusion-panel\"><div class=\"panel-heading\"><h3 class=\"title-row\">2 m2<\/h3><\/div><div class=\"panel-body pricing-row\"><div class=\"price \"><span class=\"currency\">\u20ac<\/span><span class=\"integer-part\">39<\/span><span class=\"time price-without-decimal\">al mes<\/span><\/div><\/div><ul class=\"list-group\"><li class=\"list-group-item normal-row\">20\u00a0cajas\u00a0o 2 bicis + material deportivo<\/li><\/ul><div class=\"panel-footer footer-row\"><a href=\"http:\/\/cantraster.com\/index.php\/contacte\/?lang=es\">+info<\/a><\/div><\/div><\/div><\/div>\n<\/div>\n<style type='text\/css'>\n\t\t.pricing-table-6 .panel-container, .pricing-table-6 .standout .panel-container,\n\t\t.pricing-table-6.full-boxed-pricing {background-color:#f8f8f8;}\n\t\t.pricing-table-6 .list-group .list-group-item,\n\t\t.pricing-table-6 .list-group .list-group-item:last-child{background-color:#ffffff; border-color:#ededed;}\n\t\t.pricing-table-6.full-boxed-pricing .panel-wrapper:hover .panel-heading,\n\t\t.pricing-table-6 .panel-wrapper:hover .list-group-item {background-color:#f8f8f8;}\n\t\t.pricing-table-6.full-boxed-pricing .panel-heading{background-color:#ffffff;}\n\t\t.pricing-table-6 .fusion-panel, .pricing-table-6 .panel-wrapper:last-child .fusion-panel, \n\t\t.pricing-table-6 .standout .fusion-panel, .pricing-table-6  .panel-heading, \n\t\t.pricing-table-6 .panel-body, .pricing-table-6 .panel-footer{border-color:#ededed;}\n\t\t.pricing-table-6 .panel-body,.pricing-table-6 .panel-footer{background-color:#f8f8f8;}\n\t\t<\/style><div class=\"fusion-pricing-table pricing-table-6 full-boxed-pricing row fusion-columns-3 columns-3 fusion-clearfix\">\n<div class=\"panel-wrapper fusion-column column col-lg-4 col-md-4 col-sm-4 fusion-pricingtable-column\"><div class=\"panel-container\"><div class=\"fusion-panel\"><div class=\"panel-heading\"><h3 class=\"title-row\">3 m2<\/h3><\/div><div class=\"panel-body pricing-row\"><div class=\"price \"><span class=\"currency\">\u20ac<\/span><span class=\"integer-part\">49<\/span><span class=\"time price-without-decimal\">al mes<\/span><\/div><\/div><ul class=\"list-group\"><li class=\"list-group-item normal-row\">1 sof\u00e1 o mobiliario, electrodomesticos y varias cajas<\/li><\/ul><div class=\"panel-footer footer-row\"><a href=\"http:\/\/cantraster.com\/index.php\/contacte\/?lang=es\">+info<\/a><\/div><\/div><\/div><\/div>\n<div class=\"panel-wrapper fusion-column column col-lg-4 col-md-4 col-sm-4 fusion-pricingtable-column\"><div class=\"panel-container\"><div class=\"fusion-panel\"><div class=\"panel-heading\"><h3 class=\"title-row\">5 m2<\/h3><\/div><div class=\"panel-body pricing-row\"><div class=\"price \"><span class=\"currency\">\u20ac<\/span><span class=\"integer-part\">69<\/span><span class=\"time price-without-decimal\">al mes<\/span><\/div><\/div><ul class=\"list-group\"><li class=\"list-group-item normal-row\">Equivalente a pisos de hasta 60m2, ppar aguardar mobiliario extra o electrodomesticos<\/li><\/ul><div class=\"panel-footer footer-row\"><a href=\"http:\/\/cantraster.com\/index.php\/contacte\/?lang=es\">+info<\/a><\/div><\/div><\/div><\/div>\n<div class=\"panel-wrapper fusion-column column col-lg-4 col-md-4 col-sm-4 fusion-pricingtable-column\"><div class=\"panel-container\"><div class=\"fusion-panel\"><div class=\"panel-heading\"><h3 class=\"title-row\">6 m2<\/h3><\/div><div class=\"panel-body pricing-row\"><div class=\"price \"><span class=\"currency\">\u20ac<\/span><span class=\"integer-part\">79<\/span><span class=\"time price-without-decimal\">al mes<\/span><\/div><\/div><ul class=\"list-group\"><li class=\"list-group-item normal-row\">Ideal para mudanzas, gran capacidad para mobiliario, cajas o elementos voluminosos.<\/li><\/ul><div class=\"panel-footer footer-row\"><a href=\"http:\/\/cantraster.com\/index.php\/contacte\/?lang=es\">+info<\/a><\/div><\/div><\/div><\/div>\n<\/div>\n<style type='text\/css'>\n\t\t.pricing-table-7 .panel-container, .pricing-table-7 .standout .panel-container,\n\t\t.pricing-table-7.full-boxed-pricing {background-color:#f8f8f8;}\n\t\t.pricing-table-7 .list-group .list-group-item,\n\t\t.pricing-table-7 .list-group .list-group-item:last-child{background-color:#ffffff; border-color:#ededed;}\n\t\t.pricing-table-7.full-boxed-pricing .panel-wrapper:hover .panel-heading,\n\t\t.pricing-table-7 .panel-wrapper:hover .list-group-item {background-color:#f8f8f8;}\n\t\t.pricing-table-7.full-boxed-pricing .panel-heading{background-color:#ffffff;}\n\t\t.pricing-table-7 .fusion-panel, .pricing-table-7 .panel-wrapper:last-child .fusion-panel, \n\t\t.pricing-table-7 .standout .fusion-panel, .pricing-table-7  .panel-heading, \n\t\t.pricing-table-7 .panel-body, .pricing-table-7 .panel-footer{border-color:#ededed;}\n\t\t.pricing-table-7 .panel-body,.pricing-table-7 .panel-footer{background-color:#f8f8f8;}\n\t\t<\/style><div class=\"fusion-pricing-table pricing-table-7 full-boxed-pricing row fusion-columns-3 columns-3 fusion-clearfix\">\n<div class=\"panel-wrapper fusion-column column col-lg-4 col-md-4 col-sm-4 fusion-pricingtable-column\"><div class=\"panel-container\"><div class=\"fusion-panel\"><div class=\"panel-heading\"><h3 class=\"title-row\">8 m2<\/h3><\/div><div class=\"panel-body pricing-row\"><div class=\"price \"><span class=\"currency\">\u20ac<\/span><span class=\"integer-part\">89<\/span><span class=\"time price-without-decimal\">al mes<\/span><\/div><\/div><ul class=\"list-group\"><li class=\"list-group-item normal-row\">Capacidad para grandes electrodomesticos, muebles voluminososcomo sofas, armarios, etc.<\/li><\/ul><div class=\"panel-footer footer-row\"><a href=\"http:\/\/cantraster.com\/index.php\/contacte\/?lang=es\">+info<\/a><\/div><\/div><\/div><\/div>\n<div class=\"panel-wrapper fusion-column column col-lg-4 col-md-4 col-sm-4 fusion-pricingtable-column\"><div class=\"panel-container\"><div class=\"fusion-panel\"><div class=\"panel-heading\"><h3 class=\"title-row\">10 m2<\/h3><\/div><div class=\"panel-body pricing-row\"><div class=\"price \"><span class=\"currency\">\u20ac<\/span><span class=\"integer-part\">110<\/span><span class=\"time price-without-decimal\">al mes<\/span><\/div><\/div><ul class=\"list-group\"><li class=\"list-group-item normal-row\">Capacidad para almacen profesional supletorio. Con posibilidad de almacenar gran cantidad de material.<\/li><\/ul><div class=\"panel-footer footer-row\"><a href=\"http:\/\/cantraster.com\/index.php\/contacte\/?lang=es\">+info<\/a><\/div><\/div><\/div><\/div>\n<div class=\"panel-wrapper fusion-column column col-lg-4 col-md-4 col-sm-4 fusion-pricingtable-column\"><div class=\"panel-container\"><div class=\"fusion-panel\"><div class=\"panel-heading\"><h3 class=\"title-row\">12 m2<\/h3><\/div><div class=\"panel-body pricing-row\"><div class=\"price \"><span class=\"currency\">\u20ac<\/span><span class=\"integer-part\">120<\/span><span class=\"time price-without-decimal\">al mes<\/span><\/div><\/div><ul class=\"list-group\"><li class=\"list-group-item normal-row\">Gran trastero con gran capacidad para cajas o elementos voluminosos. Gran capacidad para almacen profesional, para herramientas y productos.<\/li><\/ul><div class=\"panel-footer footer-row\"><a href=\"http:\/\/cantraster.com\/index.php\/contacte\/?lang=es\">+info<\/a><\/div><\/div><\/div><\/div>\n<\/div><\/p>\n<style type='text\/css'>\n\t\t.pricing-table-8 .panel-container, .pricing-table-8 .standout .panel-container,\n\t\t.pricing-table-8.full-boxed-pricing {background-color:#f8f8f8;}\n\t\t.pricing-table-8 .list-group .list-group-item,\n\t\t.pricing-table-8 .list-group .list-group-item:last-child{background-color:#ffffff; border-color:#ededed;}\n\t\t.pricing-table-8.full-boxed-pricing .panel-wrapper:hover .panel-heading,\n\t\t.pricing-table-8 .panel-wrapper:hover .list-group-item {background-color:#f8f8f8;}\n\t\t.pricing-table-8.full-boxed-pricing .panel-heading{background-color:#ffffff;}\n\t\t.pricing-table-8 .fusion-panel, .pricing-table-8 .panel-wrapper:last-child .fusion-panel, \n\t\t.pricing-table-8 .standout .fusion-panel, .pricing-table-8  .panel-heading, \n\t\t.pricing-table-8 .panel-body, .pricing-table-8 .panel-footer{border-color:#ededed;}\n\t\t.pricing-table-8 .panel-body,.pricing-table-8 .panel-footer{background-color:#f8f8f8;}\n\t\t<\/style><div class=\"fusion-pricing-table pricing-table-8 full-boxed-pricing row fusion-columns-1 columns-1 fusion-clearfix\">\n<div class=\"panel-wrapper fusion-column column col-lg-12 col-md-12 col-sm-12 fusion-pricingtable-column\"><div class=\"panel-container\"><div class=\"fusion-panel\"><div class=\"panel-heading\"><h3 class=\"title-row\">Trastero Consigna <\/h3><\/div><div class=\"panel-body pricing-row\"><div class=\"price \"><span class=\"currency\">\u20ac<\/span><span class=\"integer-part\">des de 10<\/span><span class=\"time price-without-decimal\">al mes<\/span><\/div><\/div><ul class=\"list-group\"><li class=\"list-group-item normal-row\">Guarda temporalmente des de un peque\u00f1o paquete a un palet<\/li><\/ul><div class=\"panel-footer footer-row\">Un trastero consigna gestionado por Can Traster donde podras gauardar des de una caja a un palet. <a href=\"http:\/\/cantraster.com\/index.php\/traster-consigna\/\" target=\"_blank\">Mas informaci\u00f3n<\/a><\/div><\/div><\/div><\/div>\n<\/div>\n\n<p style=\"text-align: right;\"><em>Todos los precios mostrados no incluyen IVA<\/em><\/p>\n<p><\/p>","protected":false},"excerpt":{"rendered":"<p>Disculpa, pero esta entrada est\u00e1 disponible s\u00f3lo en Catal\u00e0.<\/p>\n","protected":false},"author":1,"featured_media":0,"parent":0,"menu_order":0,"comment_status":"closed","ping_status":"closed","template":"","meta":{"footnotes":""},"class_list":["post-180","page","type-page","status-publish","hentry"],"_links":{"self":[{"href":"http:\/\/cantraster.com\/index.php\/wp-json\/wp\/v2\/pages\/180","targetHints":{"allow":["GET"]}}],"collection":[{"href":"http:\/\/cantraster.com\/index.php\/wp-json\/wp\/v2\/pages"}],"about":[{"href":"http:\/\/cantraster.com\/index.php\/wp-json\/wp\/v2\/types\/page"}],"author":[{"embeddable":true,"href":"http:\/\/cantraster.com\/index.php\/wp-json\/wp\/v2\/users\/1"}],"replies":[{"embeddable":true,"href":"http:\/\/cantraster.com\/index.php\/wp-json\/wp\/v2\/comments?post=180"}],"version-history":[{"count":9,"href":"http:\/\/cantraster.com\/index.php\/wp-json\/wp\/v2\/pages\/180\/revisions"}],"predecessor-version":[{"id":200,"href":"http:\/\/cantraster.com\/index.php\/wp-json\/wp\/v2\/pages\/180\/revisions\/200"}],"wp:attachment":[{"href":"http:\/\/cantraster.com\/index.php\/wp-json\/wp\/v2\/media?parent=180"}],"curies":[{"name":"wp","href":"https:\/\/api.w.org\/{rel}","templated":true}]}}